
Let i(n) = -2*n**3 + 3*n**2 - 5*n + 7. Determine i(3).
-35
Let y(b) = b**3 + 16*b**2 + b - 4. Determine y(-16).
-20
Let j(u) = 6*u**2 + 7*u - 4. Determine j(-5).
111
Let r(o) = -o**2 + 12. Calculate r(4).
-4
Let m(x) = -7*x - 15. What is m(-6)?
27
Let u(l) = l**2 + 13*l + 21. Determine u(-11).
-1
Let u(z) = z**3 + 15*z**2 - 20*z - 60. Determine u(-16).
4
Let o(h) = -6*h + 46. Calculate o(8).
-2
Let q(y) = -y**3 - 4*y**2 + y + 5. Give q(-4).
1
Let h(g) = -10*g - 150. Give h(-14).
-10
Let q(r) = -3*r**2 + 51*r + 46. Calculate q(18).
-8
Let g(t) = 2*t**3 - 33*t**2 + 18*t - 32. Determine g(16).
0
Let s(q) = -q**2 - 4*q + 98. Give s(8).
2
Let j(l) = -6*l + 26. Calculate j(5).
-4
Let g(w) = 8*w - 88. Calculate g(10).
-8
Let c(o) = -5*o - 70. What is c(-11)?
-15
Let c(t) = t - 6. What is c(2)?
-4
Let t(x) = -3*x - 1. Determine t(-3).
8
Let c(p) = -4*p + 38. Calculate c(10).
-2
Let p(b) = -b**2 - 2*b - 35. Determine p(0).
-35
Let m(p) = -p**2 - 17*p + 85. Give m(-20).
25
Let u(c) = c**2 + 13*c - 2. Give u(-14).
12
Let x(m) = 13*m - 15. Determine x(-2).
-41
Let o(u) = u**3 - 8*u**2 + 11*u - 4. Determine o(5).
-24
Let j(m) = m**3 + 34*m**2 - 112*m - 33. What is j(-37)?
4
Let f(o) = 19*o**3 - 3*o**2. Calculate f(-1).
-22
Let p(j) = -j**2 + 13*j - 13. Calculate p(12).
-1
Let b(a) = -2*a**3 - 24*a**2 + 2*a - 15. Determine b(-12).
-39
Let s(m) = m**3 - 8*m**2 - 2*m + 3. Give s(8).
-13
Let u(n) = 11*n**3 + 2*n**2 - n - 2. Give u(-1).
-10
Let l(d) = 3*d - 22. What is l(10)?
8
Let b(v) = v + 19. Give b(7).
26
Let c(g) = -11*g + 210. What is c(17)?
23
Let m(k) = -4*k + 10. Give m(3).
-2
Let b(f) = f**3 + 11*f**2 - 4*f - 36. Give b(-10).
104
Let n(v) = -2*v + 22. What is n(17)?
-12
Let i(s) = s**3 - 7*s**2 + s - 8. Determine i(7).
-1
Let a(s) = -s**3 - 20*s**2 + 25*s + 9. Calculate a(-21).
-75
Let m(n) = n**3 - 4*n**2 - 6*n - 14. Determine m(6).
22
Let v(x) = 21*x + 28. Determine v(-5).
-77
Let u(o) = -o**3 + 6*o**2 + 8*o - 6. Give u(5).
59
Let x(s) = -6*s**2 + 85*s - 14. Calculate x(14).
0
Let g(k) = 13*k**2 + 9*k + 9. What is g(-2)?
43
Let m(y) = -y**3 - 2*y**2 - 3*y. Calculate m(-3).
18
Let n(b) = -b**2 + 10*b - 16. Give n(9).
-7
Let r(n) = -n**2 + 10*n + 14. Calculate r(14).
-42
Let y(a) = 11*a**2 + 7*a + 3. Give y(-3).
81
Let v(j) = -j**2 - j - 11. Determine v(0).
-11
Let w(p) = -32*p**3 + 6*p + 5. Give w(-1).
31
Let r(n) = -19*n**3 - n**2 + 2*n - 1. Determine r(1).
-19
Let z(q) = -6*q**3 + q**2 - 2*q - 2. What is z(-1)?
7
Let y(z) = z**2 + 16*z + 2. Calculate y(-16).
2
Let u(f) = -f**2 - 7*f - 14. Determine u(-3).
-2
Let r(i) = 3*i**2 + 2. Calculate r(2).
14
Let t(s) = -s**2 + 13*s - 11. Give t(8).
29
Let r(c) = 68*c + 209. Give r(-3).
5
Let p(o) = -o**3 + 8*o**2 - 2*o + 12. Determine p(8).
-4
Let d(a) = a**3 + 3*a**2 - 8*a - 4. Give d(-5).
-14
Let x(o) = -o**2 - 9*o - 29. Determine x(-9).
-29
Let m(d) = d**2 + d. Calculate m(0).
0
Let k(w) = -w**2 - 12*w - 4. What is k(-9)?
23
Let o(s) = -s**3 - 5*s**2 + s + 1. Calculate o(-4).
-19
Let r(u) = u**2 - 12*u + 10. Give r(14).
38
Let w(i) = -14*i - 4. Calculate w(4).
-60
Let l(w) = w**2 - 12*w + 6. What is l(11)?
-5
Let j(i) = -i**3 + 5*i**2 + 23*i + 2. Determine j(-3).
5
Let j(x) = -x**2 - 8*x - 12. What is j(-9)?
-21
Let d(o) = o**3 + 11*o**2 + 16*o - 10. Give d(-9).
8
Let v(g) = 3*g**2 + 18*g. Determine v(-10).
120
Let h(w) = w**3 + w**2 - 9*w - 8. What is h(-3)?
1
Let p(c) = -3*c + 7. Calculate p(-5).
22
Let y(o) = -o**3 + 6*o**2 + 10*o - 2. Calculate y(7).
19
Let t(i) = i + 1. Calculate t(1).
2
Let a(n) = n**2 + 21*n + 56. Determine a(-14).
-42
Let u(g) = -g**3 + 2*g**2 - 2*g + 1. Give u(2).
-3
Let u(h) = -h**2 - 14*h + 67. Determine u(-18).
-5
Let m(v) = -41*v**2 + 4*v + 3. Determine m(-1).
-42
Let s(a) = a**3 + 38. Give s(0).
38
Let d(s) = s**3 - 6*s**2 + 7*s - 12. What is d(5)?
-2
Let r(q) = -2*q**3 - 2*q**2 + 2*q + 2. Calculate r(2).
-18
Let l(v) = -v**3 + v**2 + 4*v - 1. Determine l(-2).
3
Let j(l) = -l + 16. Give j(0).
16
Let g(k) = -2*k - 11. Calculate g(0).
-11
Let m(v) = -2*v - 72. Calculate m(-39).
6
Let d(q) = -q**2 - 11*q - 2. Determine d(-6).
28
Let i(y) = -y**2 + 10*y + 1. Determine i(10).
1
Let x(n) = 29*n**2 - n - 1. Calculate x(-1).
29
Let d(c) = c**3 - 4*c**2 - 6*c + 9. Give d(4).
-15
Let p(y) = -2*y**2 - y + 2. Give p(-3).
-13
Let p(f) = f**2 - 8*f - 28. Determine p(-4).
20
Let s(q) = 15*q**2 - 5*q + 10. Give s(3).
130
Let g(d) = -d**2 + 5*d. Determine g(0).
0
Let y(u) = -6*u + 5. Calculate y(-3).
23
Let v(k) = -k**2 - 11*k - 15. Determine v(-8).
9
Let k(t) = 2*t - 18. What is k(13)?
8
Let i(q) = q**3 - 5*q**2 - 6*q - 7. What is i(6)?
-7
Let j(n) = n**3 - 2*n + 2. Calculate j(-2).
-2
Let g(b) = -b**2 + 3*b + 9. Calculate g(4).
5
Let y(q) = -q**3 - q**2 - q + 35. What is y(0)?
35
Let b(i) = -i**2 + 6*i - 19. Give b(7).
-26
Let x(j) = 4*j + 2. Determine x(2).
10
Let c(q) = q**3 + 11*q**2 + 9*q - 18. Calculate c(-10).
-8
Let k(g) = -3*g - 13. Calculate k(0).
-13
Let o(j) = j**3 - j**2 + 3*j + 3. Give o(2).
13
Let l(n) = -5*n**3 + 2*n - 1. Calculate l(1).
-4
Let m(q) = q**2 - 6*q - 3. What is m(8)?
13
Let f(l) = l**2 + 19*l - 36. Give f(-21).
6
Let j(h) = -2*h - 30. Calculate j(-17).
4
Let o(w) = -w**2 - w - 8. Calculate o(7).
-64
Let q(w) = w**3 + 7*w**2 - 4*w + 22. Determine q(-8).
-10
Let n(u) = 24*u**3 + 4*u**2 + 4*u + 2. Give n(-1).
-22
Let v(u) = 14*u - 6. Determine v(5).
64
Let g(w) = w + 12. Determine g(9).
21
Let g(q) = -8*q - 1. Determine g(1).
-9
Let i(p) = -135*p + 403. Determine i(3).
-2
Let r(n) = -n**3 - 10*n**2 + 5*n + 11. What is r(-10)?
-39
Let o(a) = a**3 - 7*a**2 - 7*a + 56. Give o(7).
7
Let d(o) = o**3 + 5*o**2 - 7*o - 6. Calculate d(-6).
0
Let f(b) = -b**3 + b**2 + b - 2. Give f(2).
-4
Let s(h) = 3*h - 85. Determine s(15).
-40
Let l(n) = 2*n**2 + 2*n + 4. Determine l(-5).
44
Let a(k) = -k**3 - 7*k**2 - 2*k + 14. Calculate a(-5).
-26
Let l(x) = -x**3 - 4*x**2 + 5*x - 4. Determine l(-5).
-4
Let l(j) = -4*j**2 + 22*j - 16. Give l(7).
-58
Let d(u) = u**2 - 18*u + 35. Calculate d(12).
-37
Let t(m) = m**2 + 22*m + 29. Determine t(-21).
8
Let n(h) = h**2 + 12*h + 2. Give n(-12).
2
Let y(o) = -2*o - 13. Determine y(-14).
15
Let z(j) = -j**2 - 22*j - 7. Give z(-22).
-7
Let i(h) = 3*h**3 + 17*h**2 + 3*h + 4. Give i(-5).
39
Let p(g) = g**3 + 14*g**2 + 2*g - 19. Determine p(-14).
-47
Let x(k) = -k**2 + 29*k - 156. Determine x(8).
12
Let d(t) = 2*t**3 - t**2 - 6*t - 5. What is d(-2)?
-13
Let y(v) = -18*v**2 + 38*v - 3. Determine y(2).
1
Let r(j) = -j**2 - 11*j - 16. Calculate r(-8).
8
Let a(p) = p**3 - 15*p**2 + 44*p + 9. Calculate a(11).
9
Let a(s) = s**3 - 3*s**2 - 6*s - 11. Calculate a(5).
9
Let d(x) = -8*x + 45. Determine d(7).
-11
Let g(n) = -7*n - 5. What is g(-4)?
23
Let j(b) = -b**3 + 8*b**2 - 9*b + 7. What is j(8)?
-65
Let a(t) = -11*t**2 - 2*t + 16. Calculate a(-3).
-77
Let v(r) = -2*r + 3. Give v(9).
-15
Let b(y) = -2*y**3 + 9*y**2 + 4*y + 11. What is b(5)?
6
Let h(m) = -m + 4. What is h(3)?
1
Let n(w) = 22*w + 241. What is n(-11)?
-1
Let m(j) = 2*j + 12. Give m(-4).
4
Let k(d) = -d + 15. Give k(15).
0
Let w(r) = r**3 - 10*r**2 + 9*r + 9. Calculate w(9).
9
Let m(n) = -n**3 - 5*n**2 - 6*n + 6. Calculate m(-5).
36
Let b(s) = -2*s - 17. What is b(-14)?
11
Let g(l) = -l**2 + 9*l - 10. Give g(6).
8
Let y(s) = -6*s - 11. Determine y(11).
-77
Let w(s) = 38*s - 193. Determine w(5).
-3
Let h(l) = -19*l - 1. Calculate h(1).
-20
Let r(v) = 38*v + 1. What is r(1)?
39
Let f(a) = 2*a**3 + 46*a**2 + 45*a + 22. Calculate f(-22).
0
Let d(c) = c**3 + 12*c**2 + c - 11. Determine d(-12).
-23
Let d(b) = -b**3 + 6*b**2 + 6*b - 5. Give d(6).
31
Let l(o) = 9*o**3 + 3*o**2 - 1. Determine l(-2).
-61
Let z(j) = j**2 + 27*j + 68. What is z(-25)?
18
Let l(c) = 2*c**3 - 8*c**2 - 9*c - 7. What is l(5)?
-2
Let v(j) = -3*j**2 + 105*j - 108. Give v(34).
-6
Let t(x) = x. Calculate t(-2).
-2
Let x(b) = b**3 + 5*b**2 + 7*b - 5. What is x(-6)?
-83
Let j(g) = -2*g**3 - 12*g**2 + 11*g. Calculate j(1).
-3
Let a(o) = -8*o - 163. Give a(-20).
-3
Let x(r) = -3*r + 75. Calculate x(31).
-18
Let j(r) = -r**3 + 4*r**2 + 3*r + 6. Give j(5).
-4
Let m(r) = -r**3 - r**2 + 10*r - 6. Give m(-4).
2
Let t(m) = -m + 1. Calculate t(2).
-1
Let a(w) = 4*w. Give a(-7).
-28
Let l(t) = -11*t**2 + 4*t + 1. Calculate l(-1).
-14
